*o**2 + 655*o - 1621. Calculate h(216).
-109
Let f(y) = -3490*y - 17045. Determine f(-5).
405
Let i(d) = -9929*d**2 - 208541*d - 660. What is i(-21)?
12
Let y(d) = d**2 + 444*d - 274472. Give y(347).
5
Let l(w) = -w**3 + 75*w**2 + 29*w - 953. What is l(75)?
1222
Let s(y) = -24720*y + 247207. Give s(10).
7
Let v(p) = -p**2 - 219*p + 5361. What is v(22)?
59
Let c(a) = 19746*a + 3514758. Determine c(-178).
-30
Let w(t) = 812*t**2 - 4095*t - 1. Calculate w(5).
-176
Let p(t) = -26895*t + 2097865. Give p(78).
55
Let q(h) = -h**3 - 182*h**2 + 2990*h + 6931. What is q(-197)?
36
Let h(a) = 13*a**2 + 193*a - 994. What is h(4)?
-14
Let t(h) = -40*h**2 + 397*h - 327. Determine t(9).
6
Let i(g) = -14*g**3 - 153*g**2 + 288*g + 2988. Calculate i(-11).
-59
Let a(x) = -160*x**2 + 93661*x + 58011. Give a(586).
-3
Let j(d) = -47*d**2 + 1073*d + 249. Determine j(23).
65
Let k(q) = 1023*q**2 - 2076*q - 1. Give k(2).
-61
Let u(h) = 15*h**2 + 6667*h - 37215. Determine u(-450).
135
Let y(i) = i**2 - 71*i - 711. Calculate y(81).
99
Let r(x) = -x**3 + 185*x**2 + 387*x - 2504. Give r(187).
-73
Let a(r) = r**2 - 60*r + 816. Determine a(21).
-3
Let q(w) = 320*w**2 + 4387*w - 1302. Give q(-14).
0
Let p(y) = -3*y**2 - 5335*y + 42869. Calculate p(8).
-3
Let n(l) = -l**2 + 56*l + 1499. Give n(77).
-118
Let m(c) = -914*c + 1102. Calculate m(-2).
2930
Let x(b) = -26725*b + 160196. Determine x(6).
-154
Let n(w) = 550*w + 9191. What is n(-19)?
-1259
Let r(s) = -2193*s - 155705. Determine r(-71).
-2
Let o(f) = 366*f**2 - 2081*f + 9. Give o(6).
699
Let z(g) = -4*g**3 + 9*g**2 + 223*g - 1539. What is z(7)?
-909
Let n(i) = 4*i**3 + 1479*i**2 + 4033*i - 1460. Determine n(-367).
8
Let d(j) = -3*j**3 + 78*j**2 - 652*j + 19794. Calculate d(27).
3
Let j(q) = 2*q**3 - 32*q**2 - 51*q + 208. Give j(17).
-81
Let l(i) = -6*i**2 + 29*i + 18. Give l(-4).
-194
Let t(u) = u**3 - 10*u**2 - 260*u - 210. Give t(-11).
109
Let d(r) = -19*r**2 - 2595*r - 82221. Give d(-50).
29
Let z(g) = -64567*g + 6004757. Determine z(93).
26
Let p(k) = -k**3 - 220*k**2 - 2366*k - 737. Calculate p(-11).
0
Let p(c) = -53968*c + 486258. Determine p(9).
546
Let m(h) = -3*h**3 - 7252*h**2 - 36186*h - 1. What is m(-5)?
4
Let s(j) = 5848*j + 853805. What is s(-146)?
-3
Let y(a) = -51*a - 1634. Give y(-24).
-410
Let y(b) = -750*b**2 + 7509*b - 80. Calculate y(10).
10
Let u(c) = -29081*c + 6775848. Calculate u(233).
-25
Let y(p) = -14*p**3 - 16*p**2 - 178*p - 292. Determine y(-2).
112
Let w(g) = -g**3 - 20*g**2 + 356*g - 191. Give w(13).
-1140
Let p(l) = -38*l + 133. What is p(4)?
-19
Let u(q) = -10*q**2 + 412*q + 4433. What is u(-10)?
-687
Let w(n) = -9*n**2 + 246*n + 4069. Calculate w(39).
-26
Let d(k) = k**3 + 80*k**2 - 319*k + 87. Give d(-84).
-1341
Let x(b) = 8435*b**2 + 472359*b - 65. Give x(-56).
-9
Let k(d) = d**3 + 75*d**2 - 7160*d - 1229. Give k(-130).
71
Let q(h) = -167*h + 15608. Calculate q(92).
244
Let m(u) = 2*u**3 + 31*u**2 + 87*u + 2333. Give m(-17).
-13
Let t(x) = -x**3 + 43*x**2 - 229*x - 153. What is t(7)?
8
Let x(f) = 21266*f - 231. Give x(0).
-231
Let a(l) = 34*l + 5328. Determine a(-155).
58
Let l(i) = -2*i**2 - 858*i + 23933. Determine l(26).
273
Let l(k) = -5*k**2 + 18007*k - 72007. Calculate l(4).
-59
Let h(b) = b**3 - 11*b**2 + 84*b - 440. What is h(5)?
-170
Let u(x) = -x**3 - 21*x**2 + 1538*x + 377. Calculate u(-51).
-31
Let b(j) = -3*j**3 + 22*j**2 + 647*j - 4014. What is b(6)?
12
Let u(f) = -f**2 - 132*f + 8953. Determine u(-189).
-1820
Let f(k) = -k**2 + 3681*k - 485565. Determine f(137).
-37
Let l(n) = -n**3 + 93*n**2 + 194*n - 298. What is l(-3)?
-16
Let t(r) = -2*r**3 + 115*r**2 - 206*r - 1598. Calculate t(5).
-3
Let j(u) = -288*u + 13738. Determine j(48).
-86
Let u(t) = 46*t**2 + 11*t - 6. What is u(-4)?
686
Let k(a) = a**3 + 45*a**2 + 24*a + 378. What is k(-45)?
-702
Let x(w) = 1251*w - 1920. Determine x(3).
1833
Let t(k) = 4067*k - 12216. Determine t(3).
-15
Let d(j) = -26*j**2 + 716*j + 7667. Give d(36).
-253
Let k(x) = -12388*x - 29167. What is k(-2)?
-4391
Let l(f) = -7*f**2 - 1035*f - 1497. Determine l(-147).
-615
Let m(j) = -829*j - 6850. What is m(-8)?
-218
Let a(f) = -31*f**2 - 936*f - 5491. Calculate a(-6).
-991
Let r(h) = -h**3 - 11*h**2 - 6*h - 1871. What is r(-17)?
-35
Let a(l) = 22*l**2 - 51*l - 225. What is a(9)?
1098
Let a(i) = -200486*i + 200524. Calculate a(1).
38
Let t(k) = 383*k - 145580. What is t(380)?
-40
Let d(w) = 1183*w + 4636. Give d(-3).
1087
Let v(j) = -j**2 + 1428*j - 509386. What is v(694)?
10
Let i(m) = -3856*m - 76986. Give i(-20).
134
Let w(x) = -2*x**3 - 402*x**2 + 2495*x + 2278. Give w(-207).
1
Let t(s) = 75358*s + 226077. Determine t(-3).
3
Let j(o) = o**3 + 35*o**2 + 16*o + 825. Determine j(-35).
265
Let s(n) = 812*n**3 + 38166*n**2 + 106*n + 564. Calculate s(-47).
0
Let p(x) = x**2 + 185*x - 48317. Give p(146).
9
Let q(t) = 3*t**3 + 138*t**2 - 750*t + 174. Determine q(5).
249
Let p(k) = 974*k + 255778. Calculate p(-263).
-384
Let x(c) = 1883*c + 5841. Determine x(-3).
192
Let n(h) = -25*h**2 - 227*h + 66. What is n(-11)?
-462
Let y(n) = -1794935*n - 30513891. Determine y(-17).
4
Let h(z) = -7*z**3 + 68*z**2 + 39*z - 5. Calculate h(9).
751
Let k(n) = -3*n**2 + 11*n - 2. Calculate k(4).
-6
Let b(c) = 794*c - 78491. Determine b(99).
115
Let r(h) = h**2 + 75*h - 1187. Determine r(35).
2663
Let g(x) = 2*x**3 + 367*x**2 + 546*x + 20. What is g(-182)?
20
Let a(f) = -129*f**2 - 28747*f + 4528. Give a(-223).
68
Let n(v) = v**3 + 72*v**2 + 140*v + 16. Calculate n(-70).
16
Let l(k) = k**3 + 69*k**2 + 896*k + 2540. Calculate l(-12).
-4
Let b(d) = -d**3 - 31*d**2 + 576*d - 337. Calculate b(-44).
-513
Let s(l) = 91649*l + 5773885. Determine s(-63).
-2
Let q(n) = 3*n**2 - 119*n + 1574. Give q(26).
508
Let u(w) = 2*w**2 + 8776*w - 26337. Give u(3).
9
Let o(x) = -2751*x - 2716. What is o(-1)?
35
Let i(w) = -2086*w + 4208. Calculate i(2).
36
Let w(z) = 12*z**2 + 742*z + 2975. What is w(-4)?
199
Let n(r) = r**3 - 446*r**2 + 5630*r - 455. Determine n(433).
-22
Let k(o) = -o**2 + 55*o + 1426. Give k(-19).
20
Let c(h) = -57*h - 29724. What is c(-523)?
87
Let n(p) = p**2 - 18*p + 18. Calculate n(31).
421
Let m(k) = -k**3 + 171*k**2 - 1000*k + 1551. Determine m(165).
-99
Let c(f) = -722*f - 146649. Calculate c(-203).
-83
Let x(h) = h**2 + 482*h - 7755. Calculate x(16).
213
Let g(d) = -38*d**2 - 144*d - 9. Determine g(-4).
-41
Let q(n) = -22*n**2 + 458*n - 382. What is q(20)?
-22
Let x(c) = 334*c**3 + 5343*c**2 - 33*c - 271. Give x(-16).
1
Let b(t) = -6132*t + 396. Calculate b(0).
396
Let t(z) = -z**2 - 71908*z - 4956896. Determine t(-69).
-5
Let c(o) = 133*o**2 + 25*o + 504. Give c(0).
504
Let s(t) = -2*t**2 + 602*t + 19885. Calculate s(-30).
25
Let a(q) = q**3 - 69*q**2 + 398*q - 14. Give a(7).
-266
Let d(f) = 19654*f - 393068. Give d(20).
12
Let n(w) = -151*w - 3336. What is n(-22)?
-14
Let f(h) = 14502*h - 203029. Calculate f(14).
-1
Let b(x) = 232653*x - 3024491. Calculate b(13).
-2
Let o(v) = 2*v**2 - 5522*v - 9076411. Calculate o(-1158).
-7
Let v(k) = -k**2 + 156*k + 17704. What is v(219)?
3907
Let q(m) = -20*m**2 - 2575*m + 24788. Give q(9).
-7
Let a(y) = 1298*y + 2591. What is a(-2)?
-5
Let k(z) = 5*z**2 - 55*z + 101. Calculate k(2).
11
Let l(o) = 12*o**2 - 1308*o + 2624. Give l(2).
56
Let o(f) = 2904*f - 592556. Determine o(204).
-140
Let f(s) = 33*s**2 + 455*s + 140. What is f(-14)?
238
Let g(c) = 1696*c + 16580. Give g(-10).
-380
Let k(h) = -6821*h + 102006. What is k(15)?
-309
Let q(j) = -4*j**3 + 287*j**2 + 60*j - 439. What is q(72)?
-1303
Let a(i) = -126*i + 9880. Calculate a(75).
430
Let b(g) = -1342*g + 6042. What is b(4)?
674
Let y(m) = 41*m**2 + 5009*m + 847. Give y(-122).
-7
Let s(u) = 14*u**2 - 265*u + 1291. Calculate s(8).
67
Let b(q) = -29*q**2 + 1744*q - 592. Determine b(62).
-3940
Let h(a) = -780*a + 35356. What is h(46)?
-524
Let i(w) = -15*w**3 - 242*w**2 - 21*w + 13. What is i(-16)?
-163
Let i(b) = -2*b**2 + 3366*b - 238122. What is i(74)?
10
Let q(l) = 7133*l - 85771. Give q(12).
-175
Let a(z) = -10*z**2 - 123*z + 484. Give a(4).
-168
Let n(o) = -4*o**2 + 204*o - 1316. Determine n(6).
-236
Let y(d) = 2*d**3 + 687*d**2 + 22440*d + 8899. What is y(-307)?
-4
Let d(r) = r**2 + 1402*r + 21326. Determine d(-15).
521
Let p(z) = -6845*z - 814518. Give p